{"id":915,"date":"2024-04-03T15:49:15","date_gmt":"2024-04-03T13:49:15","guid":{"rendered":"https:\/\/frenchyfondant.fr\/?post_type=product&#038;p=915"},"modified":"2024-11-01T18:22:56","modified_gmt":"2024-11-01T17:22:56","slug":"tubereuse","status":"publish","type":"product","link":"https:\/\/frenchyfondant.fr\/?product=tubereuse","title":{"rendered":"TUBEREUSE"},"content":{"rendered":"<p style=\"text-align: center;\">Fondant de bougie senteur \u00ab\u00a0Tub\u00e9reuse\u00a0\u00bb<\/p>\n<p>Sublimez vos sens avec \u00ab\u00a0Tub\u00e9reuse\u00a0\u00bb, une cr\u00e9ation qui \u00e9voque la splendeur des jardins fleuris. L&rsquo;introduction m\u00eale subtilement ylang et \u0153illet, entour\u00e9s d&rsquo;un accord vert rappelant une nature luxuriante. Le c\u0153ur, domin\u00e9 par la tub\u00e9reuse, le jasmin et la rose, d\u00e9ploie une floralit\u00e9 opulente. Les notes finales de vanille, d&rsquo;h\u00e9liotrope et de noix de coco offrent une douce \u00e9vasion vers des horizons exotiques.<\/p>\n<p style=\"text-align: center;\">100% artisanal &amp; fabriqu\u00e9 en France<\/p>\n<p style=\"text-align: center;\">Parfum sans CMR, ni phtalates &#8211; Origine Grasse<\/p>\n<p style=\"text-align: center;\">Cire de soja 100% naturelle &#8211; Origine: UE (Espagne)<\/p>\n<p style=\"text-align: center;\">Colorant naturel (d&rsquo;origine v\u00e9g\u00e9tale ou min\u00e9rale)<\/p>\n<p style=\"text-align: center;\">20g<\/p>\n","protected":false},"excerpt":{"rendered":"<p style=\"text-align: center;\">Fondant de bougie senteur \u00ab\u00a0Tub\u00e9reuse\u00a0\u00bb<\/p>\n<p>Sublimez vos sens avec \u00ab\u00a0Tub\u00e9reuse\u00a0\u00bb, une cr\u00e9ation qui \u00e9voque la splendeur des jardins fleuris. L&rsquo;introduction m\u00eale subtilement ylang et \u0153illet, entour\u00e9s d&rsquo;un accord vert rappelant une nature luxuriante. Le c\u0153ur, domin\u00e9 par la tub\u00e9reuse, le jasmin et la rose, d\u00e9ploie une floralit\u00e9 opulente. Les notes finales de vanille, d&rsquo;h\u00e9liotrope et de noix de coco offrent une douce \u00e9vasion vers des horizons exotiques.<\/p>\n","protected":false},"featured_media":1346,"comment_status":"open","ping_status":"closed","template":"","meta":{"om_disable_all_campaigns":false,"_monsterinsights_skip_tracking":false,"_monsterinsights_sitenote_active":false,"_monsterinsights_sitenote_note":"","_monsterinsights_sitenote_category":0},"product_cat":[38,42],"product_tag":[],"aioseo_notices":[],"jetpack_sharing_enabled":true,"_links":{"self":[{"href":"https:\/\/frenchyfondant.fr\/index.php?rest_route=\/wp\/v2\/product\/915"}],"collection":[{"href":"https:\/\/frenchyfondant.fr\/index.php?rest_route=\/wp\/v2\/product"}],"about":[{"href":"https:\/\/frenchyfondant.fr\/index.php?rest_route=\/wp\/v2\/types\/product"}],"replies":[{"embeddable":true,"href":"https:\/\/frenchyfondant.fr\/index.php?rest_route=%2Fwp%2Fv2%2Fcomments&post=915"}],"wp:featuredmedia":[{"embeddable":true,"href":"https:\/\/frenchyfondant.fr\/index.php?rest_route=\/wp\/v2\/media\/1346"}],"wp:attachment":[{"href":"https:\/\/frenchyfondant.fr\/index.php?rest_route=%2Fwp%2Fv2%2Fmedia&parent=915"}],"wp:term":[{"taxonomy":"product_cat","embeddable":true,"href":"https:\/\/frenchyfondant.fr\/index.php?rest_route=%2Fwp%2Fv2%2Fproduct_cat&post=915"},{"taxonomy":"product_tag","embeddable":true,"href":"https:\/\/frenchyfondant.fr\/index.php?rest_route=%2Fwp%2Fv2%2Fproduct_tag&post=915"}],"curies":[{"name":"wp","href":"https:\/\/api.w.org\/{rel}","templated":true}]}}