{"id":828,"date":"2024-04-03T12:29:34","date_gmt":"2024-04-03T10:29:34","guid":{"rendered":"https:\/\/frenchyfondant.fr\/?post_type=product&#038;p=828"},"modified":"2025-02-01T01:01:01","modified_gmt":"2025-02-01T00:01:01","slug":"ylang-ylang-fondant-de-bougie","status":"publish","type":"product","link":"https:\/\/frenchyfondant.fr\/?product=ylang-ylang-fondant-de-bougie","title":{"rendered":"YLANG-YLANG"},"content":{"rendered":"<p style=\"text-align: center;\">Fondant de bougie senteur Ylang-Ylang<\/p>\n<p style=\"text-align: center;\">Explorez l&rsquo;exotisme floral de \u00ab\u00a0Ylang-Ylang\u00a0\u00bb. Cette composition s&rsquo;ouvre sur des notes lumineuses de jasmin, offrant une introduction joyeuse et ensoleill\u00e9e. Au c\u0153ur, l&rsquo;ylang-ylang prend le devant de la sc\u00e8ne, promettant une \u00e9vasion tropicale et s\u00e9duisante. En finale, des touches de miel apportent une douceur enivrante, concluant cette symphonie florale sur une note dor\u00e9e et luxueuse.<\/p>\n<p style=\"text-align: center;\">100% artisanal &amp; fabriqu\u00e9 en France<\/p>\n<p style=\"text-align: center;\">Parfum sans CMR, sans Phtalates &#8211; Origine Grasse<\/p>\n<p style=\"text-align: center;\">Cire de soja 100% naturelle &#8211; Origine: UE (Espagne)<\/p>\n<p style=\"text-align: center;\">Colorant naturel (d&rsquo;origine v\u00e9g\u00e9tale ou min\u00e9rale)<\/p>\n<p>&nbsp;<\/p>\n","protected":false},"excerpt":{"rendered":"<p style=\"text-align: center;\">Fondant de bougie senteur Ylang-Ylang<\/p>\n<p style=\"text-align: center;\">Explorez l&rsquo;exotisme floral de \u00ab\u00a0Ylang-Ylang\u00a0\u00bb. Cette composition s&rsquo;ouvre sur des notes lumineuses de jasmin, offrant une introduction joyeuse et ensoleill\u00e9e. Au c\u0153ur, l&rsquo;ylang-ylang prend le devant de la sc\u00e8ne, promettant une \u00e9vasion tropicale et s\u00e9duisante. En finale, des touches de miel apportent une douceur enivrante, concluant cette symphonie florale sur une note dor\u00e9e et luxueuse.<\/p>\n","protected":false},"featured_media":1379,"comment_status":"open","ping_status":"closed","template":"","meta":{"om_disable_all_campaigns":false,"_monsterinsights_skip_tracking":false,"_monsterinsights_sitenote_active":false,"_monsterinsights_sitenote_note":"","_monsterinsights_sitenote_category":0},"product_cat":[38,40],"product_tag":[],"aioseo_notices":[],"jetpack_sharing_enabled":true,"_links":{"self":[{"href":"https:\/\/frenchyfondant.fr\/index.php?rest_route=\/wp\/v2\/product\/828"}],"collection":[{"href":"https:\/\/frenchyfondant.fr\/index.php?rest_route=\/wp\/v2\/product"}],"about":[{"href":"https:\/\/frenchyfondant.fr\/index.php?rest_route=\/wp\/v2\/types\/product"}],"replies":[{"embeddable":true,"href":"https:\/\/frenchyfondant.fr\/index.php?rest_route=%2Fwp%2Fv2%2Fcomments&post=828"}],"wp:featuredmedia":[{"embeddable":true,"href":"https:\/\/frenchyfondant.fr\/index.php?rest_route=\/wp\/v2\/media\/1379"}],"wp:attachment":[{"href":"https:\/\/frenchyfondant.fr\/index.php?rest_route=%2Fwp%2Fv2%2Fmedia&parent=828"}],"wp:term":[{"taxonomy":"product_cat","embeddable":true,"href":"https:\/\/frenchyfondant.fr\/index.php?rest_route=%2Fwp%2Fv2%2Fproduct_cat&post=828"},{"taxonomy":"product_tag","embeddable":true,"href":"https:\/\/frenchyfondant.fr\/index.php?rest_route=%2Fwp%2Fv2%2Fproduct_tag&post=828"}],"curies":[{"name":"wp","href":"https:\/\/api.w.org\/{rel}","templated":true}]}}