{"id":810,"date":"2024-04-03T10:04:41","date_gmt":"2024-04-03T08:04:41","guid":{"rendered":"https:\/\/frenchyfondant.fr\/?post_type=product&#038;p=810"},"modified":"2025-02-01T01:01:01","modified_gmt":"2025-02-01T00:01:01","slug":"fraicheur-mentholee-fondant-de-bougie","status":"publish","type":"product","link":"https:\/\/frenchyfondant.fr\/?product=fraicheur-mentholee-fondant-de-bougie","title":{"rendered":"FRAICHEUR MENTHOL\u00c9E"},"content":{"rendered":"<p style=\"text-align: center;\">Fondant de bougie aux cristaux de menthol &#8211; D\u00e9congestionnant, anti-mouches et moustiques<\/p>\n<p style=\"text-align: center;\">Les cristaux de menthol \u00e9voquent une fra\u00eecheur vivifiante et revigorante. Leur parfum intense et rafra\u00eechissant rappelle la sensation de l&rsquo;air pur et frais qui envahit les sens lorsqu&rsquo;on respire profond\u00e9ment en se promenant dans une for\u00eat de menthe. Les notes piquantes et menthol\u00e9es r\u00e9veillent instantan\u00e9ment les sens, procurant une sensation de clart\u00e9 et de vitalit\u00e9. C&rsquo;est une senteur qui apporte un souffle de fra\u00eecheur et d&rsquo;\u00e9nergie, id\u00e9ale pour revigorer l&rsquo;esprit et stimuler les sens.<\/p>\n<p style=\"text-align: center;\">D\u00e9congestionnant &#8211; Anti-mouches et moustiques<\/p>\n<p style=\"text-align: center;\">100% artisanal, naturel &amp; fabriqu\u00e9 en France (sans parfum)<\/p>\n<p style=\"text-align: center;\">Colorants naturels d&rsquo;origine min\u00e9rale<\/p>\n<p style=\"text-align: center;\">20g<\/p>\n","protected":false},"excerpt":{"rendered":"<p style=\"text-align: center;\">Fondant de bougie aux cristaux de menthol<\/p>\n<p style=\"text-align: center;\">Les cristaux de menthol \u00e9voquent une fra\u00eecheur vivifiante et revigorante. Leur parfum intense et rafra\u00eechissant rappelle la sensation de l&rsquo;air pur et frais qui envahit les sens lorsqu&rsquo;on respire profond\u00e9ment en se promenant dans une for\u00eat de menthe. Les notes piquantes et menthol\u00e9es r\u00e9veillent instantan\u00e9ment les sens, procurant une sensation de clart\u00e9 et de vitalit\u00e9. C&rsquo;est une senteur qui apporte un souffle de fra\u00eecheur et d&rsquo;\u00e9nergie, id\u00e9ale pour revigorer l&rsquo;esprit et stimuler les sens.<\/p>\n<p>&nbsp;<\/p>\n","protected":false},"featured_media":1366,"comment_status":"open","ping_status":"closed","template":"","meta":{"om_disable_all_campaigns":false,"_monsterinsights_skip_tracking":false,"_monsterinsights_sitenote_active":false,"_monsterinsights_sitenote_note":"","_monsterinsights_sitenote_category":0},"product_cat":[38,35],"product_tag":[],"aioseo_notices":[],"jetpack_sharing_enabled":true,"_links":{"self":[{"href":"https:\/\/frenchyfondant.fr\/index.php?rest_route=\/wp\/v2\/product\/810"}],"collection":[{"href":"https:\/\/frenchyfondant.fr\/index.php?rest_route=\/wp\/v2\/product"}],"about":[{"href":"https:\/\/frenchyfondant.fr\/index.php?rest_route=\/wp\/v2\/types\/product"}],"replies":[{"embeddable":true,"href":"https:\/\/frenchyfondant.fr\/index.php?rest_route=%2Fwp%2Fv2%2Fcomments&post=810"}],"wp:featuredmedia":[{"embeddable":true,"href":"https:\/\/frenchyfondant.fr\/index.php?rest_route=\/wp\/v2\/media\/1366"}],"wp:attachment":[{"href":"https:\/\/frenchyfondant.fr\/index.php?rest_route=%2Fwp%2Fv2%2Fmedia&parent=810"}],"wp:term":[{"taxonomy":"product_cat","embeddable":true,"href":"https:\/\/frenchyfondant.fr\/index.php?rest_route=%2Fwp%2Fv2%2Fproduct_cat&post=810"},{"taxonomy":"product_tag","embeddable":true,"href":"https:\/\/frenchyfondant.fr\/index.php?rest_route=%2Fwp%2Fv2%2Fproduct_tag&post=810"}],"curies":[{"name":"wp","href":"https:\/\/api.w.org\/{rel}","templated":true}]}}