{"id":2163,"date":"2025-04-01T14:55:28","date_gmt":"2025-04-01T12:55:28","guid":{"rendered":"https:\/\/frenchyfondant.fr\/?post_type=product&#038;p=2163"},"modified":"2025-04-01T14:56:40","modified_gmt":"2025-04-01T12:56:40","slug":"mojito","status":"publish","type":"product","link":"https:\/\/frenchyfondant.fr\/?product=mojito","title":{"rendered":"MOJITO"},"content":{"rendered":"<p style=\"text-align: center;\">Fondant de bougie Senteur \u00ab\u00a0Mojito\u00a0\u00bb<\/p>\n<p class=\"\" style=\"text-align: center;\" data-start=\"92\" data-end=\"347\">Un cocktail de fra\u00eecheur vive m\u00ealant citron vert juteux, feuilles de menthe froiss\u00e9es et une pointe de sucre. Ce parfum p\u00e9tillant et d\u00e9salt\u00e9rant \u00e9voque les soir\u00e9es d&rsquo;\u00e9t\u00e9, les rires et les verres qui tintent au soleil couchant.<\/p>\n<p style=\"text-align: center;\">\n<p style=\"text-align: center;\">100% artisanal &amp; fabriqu\u00e9 en France<\/p>\n<p style=\"text-align: center;\">Parfum sans CMR, ni phtalates &#8211; Origine Grasse<\/p>\n<p style=\"text-align: center;\">Cire de soja 100% naturelle &#8211; Origine: UE (Espagne)<\/p>\n<p style=\"text-align: center;\">Colorant naturel (d&rsquo;origine v\u00e9g\u00e9tale ou min\u00e9rale)<\/p>\n<p style=\"text-align: center;\">20g<\/p>\n","protected":false},"excerpt":{"rendered":"<p style=\"text-align: center;\">Fondant de bougie Senteur \u00ab\u00a0Mojito\u00a0\u00bb<\/p>\n<p class=\"\" style=\"text-align: center;\" data-start=\"92\" data-end=\"347\">Un cocktail de fra\u00eecheur vive m\u00ealant citron vert juteux, feuilles de menthe froiss\u00e9es et une pointe de sucre. Ce parfum p\u00e9tillant et d\u00e9salt\u00e9rant \u00e9voque les soir\u00e9es d&rsquo;\u00e9t\u00e9, les rires et les verres qui tintent au soleil couchant.<\/p>\n<p style=\"text-align: center;\">\n","protected":false},"featured_media":2153,"comment_status":"open","ping_status":"closed","template":"","meta":{"om_disable_all_campaigns":false,"_monsterinsights_skip_tracking":false,"_monsterinsights_sitenote_active":false,"_monsterinsights_sitenote_note":"","_monsterinsights_sitenote_category":0},"product_cat":[38,41],"product_tag":[],"aioseo_notices":[],"jetpack_sharing_enabled":true,"_links":{"self":[{"href":"https:\/\/frenchyfondant.fr\/index.php?rest_route=\/wp\/v2\/product\/2163"}],"collection":[{"href":"https:\/\/frenchyfondant.fr\/index.php?rest_route=\/wp\/v2\/product"}],"about":[{"href":"https:\/\/frenchyfondant.fr\/index.php?rest_route=\/wp\/v2\/types\/product"}],"replies":[{"embeddable":true,"href":"https:\/\/frenchyfondant.fr\/index.php?rest_route=%2Fwp%2Fv2%2Fcomments&post=2163"}],"wp:featuredmedia":[{"embeddable":true,"href":"https:\/\/frenchyfondant.fr\/index.php?rest_route=\/wp\/v2\/media\/2153"}],"wp:attachment":[{"href":"https:\/\/frenchyfondant.fr\/index.php?rest_route=%2Fwp%2Fv2%2Fmedia&parent=2163"}],"wp:term":[{"taxonomy":"product_cat","embeddable":true,"href":"https:\/\/frenchyfondant.fr\/index.php?rest_route=%2Fwp%2Fv2%2Fproduct_cat&post=2163"},{"taxonomy":"product_tag","embeddable":true,"href":"https:\/\/frenchyfondant.fr\/index.php?rest_route=%2Fwp%2Fv2%2Fproduct_tag&post=2163"}],"curies":[{"name":"wp","href":"https:\/\/api.w.org\/{rel}","templated":true}]}}