{"id":2139,"date":"2025-04-01T13:32:36","date_gmt":"2025-04-01T11:32:36","guid":{"rendered":"https:\/\/frenchyfondant.fr\/?post_type=product&#038;p=2139"},"modified":"2025-04-01T15:54:37","modified_gmt":"2025-04-01T13:54:37","slug":"abricot-romarin","status":"publish","type":"product","link":"https:\/\/frenchyfondant.fr\/?product=abricot-romarin","title":{"rendered":"FRAISE MENTHE"},"content":{"rendered":"<p style=\"text-align: center;\">Fondant de bougie Senteur \u00ab\u00a0Fraise menthe\u00a0\u00bb<\/p>\n<p style=\"text-align: center;\">Une explosion gourmande de fraise sucr\u00e9e rehauss\u00e9e par la fra\u00eecheur vive de la menthe. Un parfum fruit\u00e9 et d\u00e9salt\u00e9rant, parfait \u00e9quilibre entre douceur acidul\u00e9e et fra\u00eecheur v\u00e9g\u00e9tale, comme un smoothie d&rsquo;\u00e9t\u00e9 \u00e0 savourer sans mod\u00e9ration.<\/p>\n<p>&nbsp;<\/p>\n<p style=\"text-align: center;\">100% artisanal &amp; fabriqu\u00e9 en France<\/p>\n<p style=\"text-align: center;\">Parfum sans CMR, ni phtalates &#8211; Origine Grasse<\/p>\n<p style=\"text-align: center;\">Cire de soja 100% naturelle &#8211; Origine: UE (Espagne)<\/p>\n<p style=\"text-align: center;\">Colorant naturel (d&rsquo;origine v\u00e9g\u00e9tale ou min\u00e9rale)<\/p>\n<p style=\"text-align: center;\">20g<\/p>\n","protected":false},"excerpt":{"rendered":"<p style=\"text-align: center;\">Fondant de bougie Senteur \u00ab\u00a0Fraise menthe\u00a0\u00bb<\/p>\n<p style=\"text-align: center;\">Une explosion gourmande de fraise sucr\u00e9e rehauss\u00e9e par la fra\u00eecheur vive de la menthe. Un parfum fruit\u00e9 et d\u00e9salt\u00e9rant, parfait \u00e9quilibre entre douceur acidul\u00e9e et fra\u00eecheur v\u00e9g\u00e9tale, comme un smoothie d&rsquo;\u00e9t\u00e9 \u00e0 savourer sans mod\u00e9ration.<\/p>\n<p>&nbsp;<\/p>\n","protected":false},"featured_media":2140,"comment_status":"open","ping_status":"closed","template":"","meta":{"om_disable_all_campaigns":false,"_monsterinsights_skip_tracking":false,"_monsterinsights_sitenote_active":false,"_monsterinsights_sitenote_note":"","_monsterinsights_sitenote_category":0},"product_cat":[38,39,42,36],"product_tag":[],"aioseo_notices":[],"jetpack_sharing_enabled":true,"_links":{"self":[{"href":"https:\/\/frenchyfondant.fr\/index.php?rest_route=\/wp\/v2\/product\/2139"}],"collection":[{"href":"https:\/\/frenchyfondant.fr\/index.php?rest_route=\/wp\/v2\/product"}],"about":[{"href":"https:\/\/frenchyfondant.fr\/index.php?rest_route=\/wp\/v2\/types\/product"}],"replies":[{"embeddable":true,"href":"https:\/\/frenchyfondant.fr\/index.php?rest_route=%2Fwp%2Fv2%2Fcomments&post=2139"}],"wp:featuredmedia":[{"embeddable":true,"href":"https:\/\/frenchyfondant.fr\/index.php?rest_route=\/wp\/v2\/media\/2140"}],"wp:attachment":[{"href":"https:\/\/frenchyfondant.fr\/index.php?rest_route=%2Fwp%2Fv2%2Fmedia&parent=2139"}],"wp:term":[{"taxonomy":"product_cat","embeddable":true,"href":"https:\/\/frenchyfondant.fr\/index.php?rest_route=%2Fwp%2Fv2%2Fproduct_cat&post=2139"},{"taxonomy":"product_tag","embeddable":true,"href":"https:\/\/frenchyfondant.fr\/index.php?rest_route=%2Fwp%2Fv2%2Fproduct_tag&post=2139"}],"curies":[{"name":"wp","href":"https:\/\/api.w.org\/{rel}","templated":true}]}}