{"id":1618,"date":"2024-11-25T11:26:23","date_gmt":"2024-11-25T10:26:23","guid":{"rendered":"https:\/\/frenchyfondant.fr\/?post_type=product&#038;p=1618"},"modified":"2025-12-17T15:04:24","modified_gmt":"2025-12-17T14:04:24","slug":"tulipes","status":"publish","type":"product","link":"https:\/\/frenchyfondant.fr\/?product=tulipes","title":{"rendered":"TULIPES"},"content":{"rendered":"<p style=\"text-align: center;\">Ajoutez un toucher floral \u00e0 votre int\u00e9rieur avec ce br\u00fble-parfum en c\u00e9ramique, dot\u00e9 d&rsquo;un trou en forme de tulipe. Placez simplement une bougie chauffe-plat \u00e0 l&rsquo;int\u00e9rieur, et laissez la chaleur faire fondre vos fondants parfum\u00e9s tout en cr\u00e9ant des effets de lumi\u00e8re enchanteurs \u00e0 travers la tulipe.<\/p>\n<p style=\"text-align: center;\">Fabriqu\u00e9 en c\u00e9ramique de qualit\u00e9 sup\u00e9rieure, ce br\u00fble-parfum assure une diffusion homog\u00e8ne et longue dur\u00e9e des fragrances. Parfait pour ajouter une ambiance apaisante ou pour offrir un cadeau \u00e9l\u00e9gant.<\/p>\n<p style=\"text-align: center;\">\n","protected":false},"excerpt":{"rendered":"<p style=\"text-align: center;\">Ajoutez un toucher floral \u00e0 votre int\u00e9rieur avec ce br\u00fble-parfum en c\u00e9ramique, dot\u00e9 d&rsquo;un trou en forme de tulipe. Placez simplement une bougie chauffe-plat \u00e0 l&rsquo;int\u00e9rieur, et laissez la chaleur faire fondre vos fondants parfum\u00e9s tout en cr\u00e9ant des effets de lumi\u00e8re enchanteurs \u00e0 travers la tulipe.<\/p>\n<p style=\"text-align: center;\">Disponibles en 3 teintes: Rose, Blanc et Gris<\/p>\n","protected":false},"featured_media":1762,"comment_status":"open","ping_status":"closed","template":"","meta":{"om_disable_all_campaigns":false,"_monsterinsights_skip_tracking":false,"_monsterinsights_sitenote_active":false,"_monsterinsights_sitenote_note":"","_monsterinsights_sitenote_category":0},"product_cat":[46,49],"product_tag":[],"aioseo_notices":[],"jetpack_sharing_enabled":true,"_links":{"self":[{"href":"https:\/\/frenchyfondant.fr\/index.php?rest_route=\/wp\/v2\/product\/1618"}],"collection":[{"href":"https:\/\/frenchyfondant.fr\/index.php?rest_route=\/wp\/v2\/product"}],"about":[{"href":"https:\/\/frenchyfondant.fr\/index.php?rest_route=\/wp\/v2\/types\/product"}],"replies":[{"embeddable":true,"href":"https:\/\/frenchyfondant.fr\/index.php?rest_route=%2Fwp%2Fv2%2Fcomments&post=1618"}],"wp:featuredmedia":[{"embeddable":true,"href":"https:\/\/frenchyfondant.fr\/index.php?rest_route=\/wp\/v2\/media\/1762"}],"wp:attachment":[{"href":"https:\/\/frenchyfondant.fr\/index.php?rest_route=%2Fwp%2Fv2%2Fmedia&parent=1618"}],"wp:term":[{"taxonomy":"product_cat","embeddable":true,"href":"https:\/\/frenchyfondant.fr\/index.php?rest_route=%2Fwp%2Fv2%2Fproduct_cat&post=1618"},{"taxonomy":"product_tag","embeddable":true,"href":"https:\/\/frenchyfondant.fr\/index.php?rest_route=%2Fwp%2Fv2%2Fproduct_tag&post=1618"}],"curies":[{"name":"wp","href":"https:\/\/api.w.org\/{rel}","templated":true}]}}