{"id":1525,"date":"2024-11-01T18:31:47","date_gmt":"2024-11-01T17:31:47","guid":{"rendered":"https:\/\/frenchyfondant.fr\/?post_type=product&#038;p=1525"},"modified":"2025-06-11T19:12:57","modified_gmt":"2025-06-11T17:12:57","slug":"noel-denfance","status":"publish","type":"product","link":"https:\/\/frenchyfondant.fr\/?product=noel-denfance","title":{"rendered":"NOEL D&rsquo;ENFANCE"},"content":{"rendered":"<p style=\"text-align: center;\">Fondant de bougie Senteur \u00ab\u00a0No\u00ebl d&rsquo;enfance\u00a0\u00bb<\/p>\n<p style=\"text-align: center;\">\u00a0Un rappel chaleureux des festivit\u00e9s hivernales, o\u00f9 l&rsquo;amande et le girofle ouvrent la voie \u00e0 un c\u0153ur vibrant d&rsquo;orange et de cannelle, se terminant sur une base douce et sucr\u00e9e de vanille et de miel.<\/p>\n<p>&nbsp;<\/p>\n<p style=\"text-align: center;\">100% artisanal &amp; fabriqu\u00e9 en France<\/p>\n<p style=\"text-align: center;\">Parfum sans CMR, ni phtalates &#8211; Origine Grasse<\/p>\n<p style=\"text-align: center;\">Cire de soja 100% naturelle &#8211; Origine: UE (Espagne)<\/p>\n<p style=\"text-align: center;\">Colorant naturel (d&rsquo;origine v\u00e9g\u00e9tale ou min\u00e9rale)<\/p>\n<p style=\"text-align: center;\">20g<\/p>\n","protected":false},"excerpt":{"rendered":"<p style=\"text-align: center;\">Fondant de bougie Senteur \u00ab\u00a0No\u00ebl d&rsquo;enfance\u00a0\u00bb<\/p>\n<p style=\"text-align: center;\">\u00a0Un rappel chaleureux des festivit\u00e9s hivernales, o\u00f9 l&rsquo;amande et le girofle ouvrent la voie \u00e0 un c\u0153ur vibrant d&rsquo;orange et de cannelle, se terminant sur une base douce et sucr\u00e9e de vanille et de miel.<\/p>\n<p>&nbsp;<\/p>\n","protected":false},"featured_media":1586,"comment_status":"open","ping_status":"closed","template":"","meta":{"om_disable_all_campaigns":false,"_monsterinsights_skip_tracking":false,"_monsterinsights_sitenote_active":false,"_monsterinsights_sitenote_note":"","_monsterinsights_sitenote_category":0},"product_cat":[38,41,36],"product_tag":[],"aioseo_notices":[],"jetpack_sharing_enabled":true,"_links":{"self":[{"href":"https:\/\/frenchyfondant.fr\/index.php?rest_route=\/wp\/v2\/product\/1525"}],"collection":[{"href":"https:\/\/frenchyfondant.fr\/index.php?rest_route=\/wp\/v2\/product"}],"about":[{"href":"https:\/\/frenchyfondant.fr\/index.php?rest_route=\/wp\/v2\/types\/product"}],"replies":[{"embeddable":true,"href":"https:\/\/frenchyfondant.fr\/index.php?rest_route=%2Fwp%2Fv2%2Fcomments&post=1525"}],"wp:featuredmedia":[{"embeddable":true,"href":"https:\/\/frenchyfondant.fr\/index.php?rest_route=\/wp\/v2\/media\/1586"}],"wp:attachment":[{"href":"https:\/\/frenchyfondant.fr\/index.php?rest_route=%2Fwp%2Fv2%2Fmedia&parent=1525"}],"wp:term":[{"taxonomy":"product_cat","embeddable":true,"href":"https:\/\/frenchyfondant.fr\/index.php?rest_route=%2Fwp%2Fv2%2Fproduct_cat&post=1525"},{"taxonomy":"product_tag","embeddable":true,"href":"https:\/\/frenchyfondant.fr\/index.php?rest_route=%2Fwp%2Fv2%2Fproduct_tag&post=1525"}],"curies":[{"name":"wp","href":"https:\/\/api.w.org\/{rel}","templated":true}]}}