{"id":1523,"date":"2024-11-01T18:29:21","date_gmt":"2024-11-01T17:29:21","guid":{"rendered":"https:\/\/frenchyfondant.fr\/?post_type=product&#038;p=1523"},"modified":"2025-01-08T10:46:28","modified_gmt":"2025-01-08T09:46:28","slug":"rose-jasmin","status":"publish","type":"product","link":"https:\/\/frenchyfondant.fr\/?product=rose-jasmin","title":{"rendered":"ROSE JASMIN"},"content":{"rendered":"<p style=\"text-align: center;\">Fondant de bougie senteur Rose Jasmin<\/p>\n<div class=\"flex-shrink-0 flex flex-col relative items-end\">\n<div>\n<div class=\"pt-0\">\n<div class=\"gizmo-bot-avatar flex h-8 w-8 items-center justify-center overflow-hidden rounded-full\">\n<div class=\"relative p-1 rounded-sm flex items-center justify-center bg-token-main-surface-primary text-token-text-primary h-8 w-8\"><\/div>\n<\/div>\n<\/div>\n<\/div>\n<\/div>\n<div class=\"group\/conversation-turn relative flex w-full min-w-0 flex-col agent-turn\">\n<div class=\"flex-col gap-1 md:gap-3\">\n<div class=\"flex max-w-full flex-col flex-grow\">\n<div class=\"min-h-8 text-message flex w-full flex-col items-end gap-2 whitespace-normal break-words [.text-message+&amp;]:mt-5\" dir=\"auto\" data-message-author-role=\"assistant\" data-message-id=\"825aee96-729e-4b09-8206-d1ff4132aa57\" data-message-model-slug=\"gpt-4o\">\n<div class=\"flex w-full flex-col gap-1 empty:hidden first:pt-[3px]\">\n<div class=\"markdown prose w-full break-words dark:prose-invert dark\">\n<p>La senteur rose jasmin est une alliance florale \u00e9l\u00e9gante et envo\u00fbtante, m\u00ealant la douceur romantique de la rose \u00e0 la sensualit\u00e9 lumineuse du jasmin. La rose apporte des notes velout\u00e9es et l\u00e9g\u00e8rement poudr\u00e9es, \u00e9voquant un jardin en pleine floraison, tandis que le jasmin ajoute une touche exotique, intense et ensoleill\u00e9e. Ensemble, ces fleurs cr\u00e9ent un parfum raffin\u00e9 et sophistiqu\u00e9, \u00e0 la fois tendre et captivant, qui invite \u00e0 l\u2019\u00e9vasion dans un jardin parfum\u00e9, \u00e9voquant la beaut\u00e9 intemporelle et la f\u00e9minit\u00e9.<\/p>\n<\/div>\n<\/div>\n<\/div>\n<\/div>\n<\/div>\n<\/div>\n<p style=\"text-align: center;\">100% artisanal &amp; fabriqu\u00e9 en France<\/p>\n<p style=\"text-align: center;\">Parfum sans CMR, ni Phtalate &#8211; Origine Grasse<\/p>\n<p style=\"text-align: center;\">Cire de soja 100% naturelle &#8211; Origine: UE (Espagne)<\/p>\n<p style=\"text-align: center;\">Colorant naturel (d&rsquo;origine v\u00e9g\u00e9tale ou min\u00e9rale)<\/p>\n<p style=\"text-align: center;\">\n","protected":false},"excerpt":{"rendered":"<p style=\"text-align: center;\">Fondant de bougie senteur Rose Jasmin<\/p>\n<div class=\"flex-shrink-0 flex flex-col relative items-end\" style=\"text-align: center;\">\n<div>\n<div class=\"pt-0\">\n<div class=\"gizmo-bot-avatar flex h-8 w-8 items-center justify-center overflow-hidden rounded-full\">\n<div class=\"relative p-1 rounded-sm flex items-center justify-center bg-token-main-surface-primary text-token-text-primary h-8 w-8\"><\/div>\n<\/div>\n<\/div>\n<\/div>\n<\/div>\n<div class=\"group\/conversation-turn relative flex w-full min-w-0 flex-col agent-turn\">\n<div class=\"flex-col gap-1 md:gap-3\">\n<div class=\"flex max-w-full flex-col flex-grow\">\n<div class=\"min-h-8 text-message flex w-full flex-col items-end gap-2 whitespace-normal break-words [.text-message+&amp;]:mt-5\" dir=\"auto\" data-message-author-role=\"assistant\" data-message-id=\"825aee96-729e-4b09-8206-d1ff4132aa57\" data-message-model-slug=\"gpt-4o\">\n<div class=\"flex w-full flex-col gap-1 empty:hidden first:pt-[3px]\">\n<div class=\"markdown prose w-full break-words dark:prose-invert dark\">\n<p style=\"text-align: center;\">La senteur rose jasmin est une alliance florale \u00e9l\u00e9gante et envo\u00fbtante, m\u00ealant la douceur romantique de la rose \u00e0 la sensualit\u00e9 lumineuse du jasmin. La rose apporte des notes velout\u00e9es et l\u00e9g\u00e8rement poudr\u00e9es, \u00e9voquant un jardin en pleine floraison, tandis que le jasmin ajoute une touche exotique, intense et ensoleill\u00e9e. Ensemble, ces fleurs cr\u00e9ent un parfum raffin\u00e9 et sophistiqu\u00e9, \u00e0 la fois tendre et captivant, qui invite \u00e0 l\u2019\u00e9vasion dans un jardin parfum\u00e9, \u00e9voquant la beaut\u00e9 intemporelle et la f\u00e9minit\u00e9.<\/p>\n<\/div>\n<\/div>\n<\/div>\n<\/div>\n<\/div>\n<\/div>\n<p>&nbsp;<\/p>\n","protected":false},"featured_media":1582,"comment_status":"open","ping_status":"closed","template":"","meta":{"om_disable_all_campaigns":false,"_monsterinsights_skip_tracking":false,"_monsterinsights_sitenote_active":false,"_monsterinsights_sitenote_note":"","_monsterinsights_sitenote_category":0},"product_cat":[38,42],"product_tag":[],"aioseo_notices":[],"jetpack_sharing_enabled":true,"_links":{"self":[{"href":"https:\/\/frenchyfondant.fr\/index.php?rest_route=\/wp\/v2\/product\/1523"}],"collection":[{"href":"https:\/\/frenchyfondant.fr\/index.php?rest_route=\/wp\/v2\/product"}],"about":[{"href":"https:\/\/frenchyfondant.fr\/index.php?rest_route=\/wp\/v2\/types\/product"}],"replies":[{"embeddable":true,"href":"https:\/\/frenchyfondant.fr\/index.php?rest_route=%2Fwp%2Fv2%2Fcomments&post=1523"}],"wp:featuredmedia":[{"embeddable":true,"href":"https:\/\/frenchyfondant.fr\/index.php?rest_route=\/wp\/v2\/media\/1582"}],"wp:attachment":[{"href":"https:\/\/frenchyfondant.fr\/index.php?rest_route=%2Fwp%2Fv2%2Fmedia&parent=1523"}],"wp:term":[{"taxonomy":"product_cat","embeddable":true,"href":"https:\/\/frenchyfondant.fr\/index.php?rest_route=%2Fwp%2Fv2%2Fproduct_cat&post=1523"},{"taxonomy":"product_tag","embeddable":true,"href":"https:\/\/frenchyfondant.fr\/index.php?rest_route=%2Fwp%2Fv2%2Fproduct_tag&post=1523"}],"curies":[{"name":"wp","href":"https:\/\/api.w.org\/{rel}","templated":true}]}}