{"id":1259,"date":"2024-04-26T17:13:51","date_gmt":"2024-04-26T15:13:51","guid":{"rendered":"https:\/\/frenchyfondant.fr\/?post_type=product&#038;p=1259"},"modified":"2025-02-01T01:01:00","modified_gmt":"2025-02-01T00:01:00","slug":"delices","status":"publish","type":"product","link":"https:\/\/frenchyfondant.fr\/?product=delices","title":{"rendered":"D\u00c9LICES"},"content":{"rendered":"<p style=\"text-align: left;\">Fondant de bougie senteur \u00ab\u00a0d\u00e9lices\u00a0\u00bb<\/p>\n<p style=\"text-align: left;\">Un m\u00e9lange enivrant d\u2019ar\u00f4mes, notre fondant \u201cD\u00e9lices\u00a0\u00bb capture les odeurs capiteuses avec des notes captivantes de musc, de bois de c\u00e8dre et de patchouli, le tout envelopp\u00e9 dans un voile de myst\u00e8re.<\/p>\n<p style=\"text-align: left;\">100% artisanal &amp; fabriqu\u00e9 en France<\/p>\n<p style=\"text-align: left;\">Parfum sans CMR, ni Phtalate &#8211; Origine Grasse<\/p>\n<p style=\"text-align: left;\">Cire de soja 100% naturelle &#8211; Origine: UE (Espagne)<\/p>\n<p style=\"text-align: left;\">Colorant naturel (d&rsquo;origine v\u00e9g\u00e9tale ou min\u00e9rale)<\/p>\n<p style=\"text-align: left;\">\n","protected":false},"excerpt":{"rendered":"<p style=\"text-align: center;\">Fondant de bougie senteur \u00ab\u00a0d\u00e9lices\u00a0\u00bb<\/p>\n<p style=\"text-align: center;\">Un m\u00e9lange enivrant d\u2019ar\u00f4mes, notre fondant \u201cD\u00e9lices\u00a0\u00bb capture les odeurs capiteuses avec des notes captivantes de musc, de bois de c\u00e8dre et de patchouli, le tout envelopp\u00e9 dans un voile de myst\u00e8re.<\/p>\n","protected":false},"featured_media":1358,"comment_status":"open","ping_status":"closed","template":"","meta":{"om_disable_all_campaigns":false,"_monsterinsights_skip_tracking":false,"_monsterinsights_sitenote_active":false,"_monsterinsights_sitenote_note":"","_monsterinsights_sitenote_category":0},"product_cat":[38,37],"product_tag":[],"aioseo_notices":[],"jetpack_sharing_enabled":true,"_links":{"self":[{"href":"https:\/\/frenchyfondant.fr\/index.php?rest_route=\/wp\/v2\/product\/1259"}],"collection":[{"href":"https:\/\/frenchyfondant.fr\/index.php?rest_route=\/wp\/v2\/product"}],"about":[{"href":"https:\/\/frenchyfondant.fr\/index.php?rest_route=\/wp\/v2\/types\/product"}],"replies":[{"embeddable":true,"href":"https:\/\/frenchyfondant.fr\/index.php?rest_route=%2Fwp%2Fv2%2Fcomments&post=1259"}],"wp:featuredmedia":[{"embeddable":true,"href":"https:\/\/frenchyfondant.fr\/index.php?rest_route=\/wp\/v2\/media\/1358"}],"wp:attachment":[{"href":"https:\/\/frenchyfondant.fr\/index.php?rest_route=%2Fwp%2Fv2%2Fmedia&parent=1259"}],"wp:term":[{"taxonomy":"product_cat","embeddable":true,"href":"https:\/\/frenchyfondant.fr\/index.php?rest_route=%2Fwp%2Fv2%2Fproduct_cat&post=1259"},{"taxonomy":"product_tag","embeddable":true,"href":"https:\/\/frenchyfondant.fr\/index.php?rest_route=%2Fwp%2Fv2%2Fproduct_tag&post=1259"}],"curies":[{"name":"wp","href":"https:\/\/api.w.org\/{rel}","templated":true}]}}