{"id":1248,"date":"2024-04-26T17:02:48","date_gmt":"2024-04-26T15:02:48","guid":{"rendered":"https:\/\/frenchyfondant.fr\/?post_type=product&#038;p=1248"},"modified":"2025-02-01T01:01:00","modified_gmt":"2025-02-01T00:01:00","slug":"pomme-verte","status":"publish","type":"product","link":"https:\/\/frenchyfondant.fr\/?product=pomme-verte","title":{"rendered":"POMME VERTE"},"content":{"rendered":"<p style=\"text-align: left;\">Fondant de bougie senteur Pomme verte<\/p>\n<p style=\"text-align: left;\">Rafra\u00eechissant et p\u00e9tillant, ce fondant de bougie parfum\u00e9 vous transporte dans le jardin d\u2019Eden avec ses notes fruit\u00e9es et envo\u00fbtantes. Laissez-vous s\u00e9duire par l\u2019accord irr\u00e9sistible pomme verte, rhubarbe et ananas, qui \u00e9veilleront vos sens. Le c\u0153ur floral de rose et de jasmin apporte une d\u00e9licate \u00e9l\u00e9gance et une touche de romantisme \u00e0 ce m\u00e9lange enivrant. Ces fleurs d\u00e9licates \u00e9quilibrent parfaitement les ar\u00f4mes fruit\u00e9s, cr\u00e9ant une harmonie olfactive aussi s\u00e9duisante qu\u2019apaisante. Enfin, la touche finale sucr\u00e9e et musqu\u00e9e enveloppe le tout dans une aura de tentation. Le sucre et le musc offrent une base solide et sensuelle qui s\u2019accordera merveilleusement avec les notes fruit\u00e9es et florales. Que ce soit pour une soir\u00e9e d\u2019\u00e9t\u00e9 ou une journ\u00e9e ensoleill\u00e9e, ce fondant de bougie au parfum frais et croquant est la quintessence de la s\u00e9duction et de la l\u00e9g\u00e8ret\u00e9.<\/p>\n<p style=\"text-align: left;\">100% artisanal &amp; fabriqu\u00e9 en France<\/p>\n<p style=\"text-align: left;\">Parfum sans CMR, ni Phtalate &#8211; Origine Grasse<\/p>\n<p style=\"text-align: left;\">Cire de soja 100% naturelle &#8211; Origine: UE (Espagne)<\/p>\n<p style=\"text-align: left;\">Colorant naturel (d&rsquo;origine v\u00e9g\u00e9tale ou min\u00e9rale)<\/p>\n<p style=\"text-align: left;\">\n","protected":false},"excerpt":{"rendered":"<div class=\"elementor-element elementor-element-4da817c elementor-widget elementor-widget-woocommerce-product-short-description\" data-id=\"4da817c\" data-element_type=\"widget\" data-widget_type=\"woocommerce-product-short-description.default\">\n<div class=\"elementor-widget-container\">\n<div class=\"woocommerce-product-details__short-description\">\n<p style=\"text-align: center;\">Adam? Tu m\u2019envoies une pomme steuplait, j\u2019ai un p\u2019tit creux<\/p>\n<\/div>\n<\/div>\n<\/div>\n<p style=\"text-align: center;\">Rafra\u00eechissant et p\u00e9tillant, ce fondant de bougie parfum\u00e9 vous transporte dans le jardin d\u2019Eden avec ses notes fruit\u00e9es et envo\u00fbtantes. Laissez-vous s\u00e9duire par l\u2019accord irr\u00e9sistible pomme verte, rhubarbe et ananas, qui \u00e9veilleront vos sens.<\/p>\n","protected":false},"featured_media":1359,"comment_status":"open","ping_status":"closed","template":"","meta":{"om_disable_all_campaigns":false,"_monsterinsights_skip_tracking":false,"_monsterinsights_sitenote_active":false,"_monsterinsights_sitenote_note":"","_monsterinsights_sitenote_category":0},"product_cat":[38,36],"product_tag":[],"aioseo_notices":[],"jetpack_sharing_enabled":true,"_links":{"self":[{"href":"https:\/\/frenchyfondant.fr\/index.php?rest_route=\/wp\/v2\/product\/1248"}],"collection":[{"href":"https:\/\/frenchyfondant.fr\/index.php?rest_route=\/wp\/v2\/product"}],"about":[{"href":"https:\/\/frenchyfondant.fr\/index.php?rest_route=\/wp\/v2\/types\/product"}],"replies":[{"embeddable":true,"href":"https:\/\/frenchyfondant.fr\/index.php?rest_route=%2Fwp%2Fv2%2Fcomments&post=1248"}],"wp:featuredmedia":[{"embeddable":true,"href":"https:\/\/frenchyfondant.fr\/index.php?rest_route=\/wp\/v2\/media\/1359"}],"wp:attachment":[{"href":"https:\/\/frenchyfondant.fr\/index.php?rest_route=%2Fwp%2Fv2%2Fmedia&parent=1248"}],"wp:term":[{"taxonomy":"product_cat","embeddable":true,"href":"https:\/\/frenchyfondant.fr\/index.php?rest_route=%2Fwp%2Fv2%2Fproduct_cat&post=1248"},{"taxonomy":"product_tag","embeddable":true,"href":"https:\/\/frenchyfondant.fr\/index.php?rest_route=%2Fwp%2Fv2%2Fproduct_tag&post=1248"}],"curies":[{"name":"wp","href":"https:\/\/api.w.org\/{rel}","templated":true}]}}