{"id":1243,"date":"2024-04-26T16:48:26","date_gmt":"2024-04-26T14:48:26","guid":{"rendered":"https:\/\/frenchyfondant.fr\/?post_type=product&#038;p=1243"},"modified":"2025-02-01T01:01:00","modified_gmt":"2025-02-01T00:01:00","slug":"mon-nounours","status":"publish","type":"product","link":"https:\/\/frenchyfondant.fr\/?product=mon-nounours","title":{"rendered":"MON NOUNOURS"},"content":{"rendered":"<p style=\"text-align: left;\">Fondant de bougie senteur \u00ab\u00a0mon nounours\u00a0\u00bb<\/p>\n<div class=\"elementor-element elementor-element-c2806ca elementor-widget__width-auto elementor-widget elementor-widget-woocommerce-product-price\" data-id=\"c2806ca\" data-element_type=\"widget\" data-widget_type=\"woocommerce-product-price.default\">\n<div class=\"elementor-widget-container\">\n<p>Retrouve ta douceur d\u2019enfance avec \u201cMon Nounours\u201c, un fondant au parfum enveloppant qui te berce de sa d\u00e9licate odeur florale. D\u00e8s les premi\u00e8res notes ald\u00e9hyd\u00e9es, laisse-toi transporter dans le merveilleux pays des nounours. Puis, appr\u00e9cie les effluves de jasmin, de freesia et de rose qui te rappellent des souvenirs tendres. En c\u0153ur, les notes florales de jasmin, de freesia et de rose \u00e9voquent l\u2019innocence et la l\u00e9g\u00e8ret\u00e9 des premi\u00e8res ann\u00e9es. Enfin, en fond, une touche de musc et de muguet sublime cette fragrance, te donnant l\u2019impression de plonger dans un nuage moelleux et r\u00e9confortant. Notre parfum \u201cMon Nounours\u201d est un v\u00e9ritable hommage aux c\u00e2lins et aux moments de tendresse pass\u00e9s avec nos peluches pr\u00e9f\u00e9r\u00e9es. Et rassure-toi, ce parfum est sans danger pour les oursons en peluche qui partagent tes nuits.<\/p>\n<div id=\"yrm-NXCBw\" class=\"yrm-content yrm-content-2 yrm-content-hidden\" data-id=\"2\" data-show-status=\"true\" data-after-action=\"\">\n<div><\/div>\n<\/div>\n<\/div>\n<\/div>\n<p style=\"text-align: left;\">100% artisanal &amp; fabriqu\u00e9 en France<\/p>\n<p style=\"text-align: left;\">Parfum sans CMR, ni Phtalate &#8211; Origine Grasse<\/p>\n<p style=\"text-align: left;\">Cire de soja 100% naturelle &#8211; Origine: UE (Espagne)<\/p>\n<p style=\"text-align: left;\">Colorant naturel (d&rsquo;origine v\u00e9g\u00e9tale ou min\u00e9rale)<\/p>\n<p style=\"text-align: left;\">\n","protected":false},"excerpt":{"rendered":"<p style=\"text-align: center;\">Fondant de bougie senteur \u00ab\u00a0mon nounours\u00a0\u00bb<\/p>\n<div class=\"elementor-element elementor-element-4da817c elementor-widget elementor-widget-woocommerce-product-short-description\" style=\"text-align: center;\" data-id=\"4da817c\" data-element_type=\"widget\" data-widget_type=\"woocommerce-product-short-description.default\">\n<div class=\"elementor-widget-container\">\n<div class=\"woocommerce-product-details__short-description\">\n<p>Fondant de bougie 100% recommand\u00e9 par Nicolas et Pimprenelle<\/p>\n<\/div>\n<\/div>\n<\/div>\n<div class=\"elementor-element elementor-element-c2806ca elementor-widget__width-auto elementor-widget elementor-widget-woocommerce-product-price\" data-id=\"c2806ca\" data-element_type=\"widget\" data-widget_type=\"woocommerce-product-price.default\">\n<div class=\"elementor-widget-container\">\n<p style=\"text-align: center;\">Retrouve ta douceur d\u2019enfance avec \u201cMon Nounours\u201c, un fondant au parfum enveloppant qui te berce de sa d\u00e9licate odeur florale. D\u00e8s les premi\u00e8res notes ald\u00e9hyd\u00e9es, laisse-toi transporter dans le merveilleux pays des nounours. Puis, appr\u00e9cie les effluves de jasmin, de freesia et de rose qui te rappellent des souvenirs tendres.<\/p>\n<\/div>\n<\/div>\n","protected":false},"featured_media":1361,"comment_status":"open","ping_status":"closed","template":"","meta":{"om_disable_all_campaigns":false,"_monsterinsights_skip_tracking":false,"_monsterinsights_sitenote_active":false,"_monsterinsights_sitenote_note":"","_monsterinsights_sitenote_category":0},"product_cat":[38,35],"product_tag":[],"aioseo_notices":[],"jetpack_sharing_enabled":true,"_links":{"self":[{"href":"https:\/\/frenchyfondant.fr\/index.php?rest_route=\/wp\/v2\/product\/1243"}],"collection":[{"href":"https:\/\/frenchyfondant.fr\/index.php?rest_route=\/wp\/v2\/product"}],"about":[{"href":"https:\/\/frenchyfondant.fr\/index.php?rest_route=\/wp\/v2\/types\/product"}],"replies":[{"embeddable":true,"href":"https:\/\/frenchyfondant.fr\/index.php?rest_route=%2Fwp%2Fv2%2Fcomments&post=1243"}],"wp:featuredmedia":[{"embeddable":true,"href":"https:\/\/frenchyfondant.fr\/index.php?rest_route=\/wp\/v2\/media\/1361"}],"wp:attachment":[{"href":"https:\/\/frenchyfondant.fr\/index.php?rest_route=%2Fwp%2Fv2%2Fmedia&parent=1243"}],"wp:term":[{"taxonomy":"product_cat","embeddable":true,"href":"https:\/\/frenchyfondant.fr\/index.php?rest_route=%2Fwp%2Fv2%2Fproduct_cat&post=1243"},{"taxonomy":"product_tag","embeddable":true,"href":"https:\/\/frenchyfondant.fr\/index.php?rest_route=%2Fwp%2Fv2%2Fproduct_tag&post=1243"}],"curies":[{"name":"wp","href":"https:\/\/api.w.org\/{rel}","templated":true}]}}