{"id":1239,"date":"2024-04-26T16:46:24","date_gmt":"2024-04-26T14:46:24","guid":{"rendered":"https:\/\/frenchyfondant.fr\/?post_type=product&#038;p=1239"},"modified":"2025-09-01T10:51:34","modified_gmt":"2025-09-01T08:51:34","slug":"mandarine","status":"publish","type":"product","link":"https:\/\/frenchyfondant.fr\/?product=mandarine","title":{"rendered":"MANDARINE"},"content":{"rendered":"<p style=\"text-align: left;\">Fondant de bougie senteur Mandarine<\/p>\n<p style=\"text-align: left;\">R\u00e9veillez vos sens avec notre fondant de bougie \u00e0 la mandarine, une fragrance citrus qui brille de mille feux. L&rsquo;ouverture met en sc\u00e8ne le galbanum et l&rsquo;orange, offrant une sensation de vivacit\u00e9 et d&rsquo;\u00e9nergie. Le c\u0153ur d\u00e9voile la mandarine juteuse, une explosion de fra\u00eecheur et de p\u00e9tillance. En fond, le thym et la fleur d&rsquo;oranger ajoutent une touche aromatique et florale, laissant une empreinte joyeuse et revitalisante.<\/p>\n<p style=\"text-align: left;\">100% artisanal &amp; fabriqu\u00e9 en France<\/p>\n<p style=\"text-align: left;\">Parfum sans CMR, ni Phtalate &#8211; Origine Grasse<\/p>\n<p style=\"text-align: left;\">Cire de soja 100% naturelle &#8211; Origine: UE (Espagne)<\/p>\n<p style=\"text-align: left;\">Colorant naturel (d&rsquo;origine v\u00e9g\u00e9tale ou min\u00e9rale)<\/p>\n<p style=\"text-align: left;\">\n","protected":false},"excerpt":{"rendered":"<p style=\"text-align: center;\">Fondant de bougie senteur Mandarine<\/p>\n<p style=\"text-align: center;\">R\u00e9veillez vos sens avec notre fondant de bougie \u00e0 la mandarine, une fragrance citrus qui brille de mille feux. L&rsquo;ouverture met en sc\u00e8ne le galbanum et l&rsquo;orange, offrant une sensation de vivacit\u00e9 et d&rsquo;\u00e9nergie. Le c\u0153ur d\u00e9voile la mandarine juteuse, une explosion de fra\u00eecheur et de p\u00e9tillance. En fond, le thym et la fleur d&rsquo;oranger ajoutent une touche aromatique et florale, laissant une empreinte joyeuse et revitalisante.<\/p>\n","protected":false},"featured_media":1425,"comment_status":"open","ping_status":"closed","template":"","meta":{"om_disable_all_campaigns":false,"_monsterinsights_skip_tracking":false,"_monsterinsights_sitenote_active":false,"_monsterinsights_sitenote_note":"","_monsterinsights_sitenote_category":0},"product_cat":[38,41,36],"product_tag":[],"aioseo_notices":[],"jetpack_sharing_enabled":true,"_links":{"self":[{"href":"https:\/\/frenchyfondant.fr\/index.php?rest_route=\/wp\/v2\/product\/1239"}],"collection":[{"href":"https:\/\/frenchyfondant.fr\/index.php?rest_route=\/wp\/v2\/product"}],"about":[{"href":"https:\/\/frenchyfondant.fr\/index.php?rest_route=\/wp\/v2\/types\/product"}],"replies":[{"embeddable":true,"href":"https:\/\/frenchyfondant.fr\/index.php?rest_route=%2Fwp%2Fv2%2Fcomments&post=1239"}],"wp:featuredmedia":[{"embeddable":true,"href":"https:\/\/frenchyfondant.fr\/index.php?rest_route=\/wp\/v2\/media\/1425"}],"wp:attachment":[{"href":"https:\/\/frenchyfondant.fr\/index.php?rest_route=%2Fwp%2Fv2%2Fmedia&parent=1239"}],"wp:term":[{"taxonomy":"product_cat","embeddable":true,"href":"https:\/\/frenchyfondant.fr\/index.php?rest_route=%2Fwp%2Fv2%2Fproduct_cat&post=1239"},{"taxonomy":"product_tag","embeddable":true,"href":"https:\/\/frenchyfondant.fr\/index.php?rest_route=%2Fwp%2Fv2%2Fproduct_tag&post=1239"}],"curies":[{"name":"wp","href":"https:\/\/api.w.org\/{rel}","templated":true}]}}