{"id":1231,"date":"2024-04-26T16:34:00","date_gmt":"2024-04-26T14:34:00","guid":{"rendered":"https:\/\/frenchyfondant.fr\/?post_type=product&#038;p=1231"},"modified":"2025-12-14T13:44:21","modified_gmt":"2025-12-14T12:44:21","slug":"balade-en-foret","status":"publish","type":"product","link":"https:\/\/frenchyfondant.fr\/?product=balade-en-foret","title":{"rendered":"BALADE EN FOR\u00caT"},"content":{"rendered":"<p style=\"text-align: left;\">Fondant de bougie senteur Balade en for\u00eat<\/p>\n<p style=\"text-align: left;\">\u00c9vadez-vous avec \u00ab\u00a0Balade en For\u00eat\u00a0\u00bb, o\u00f9 les notes vertes et bois\u00e9es se m\u00ealent dans une harmonie parfaite. L&rsquo;ouverture fra\u00eeche de menthe et de thym vous conduit \u00e0 un c\u0153ur naturel d&rsquo;accords verts et aquatiques, soutenu par une base terreuse de patchouli et de c\u00e8dre, comme une promenade revigorante \u00e0 travers la for\u00eat.<\/p>\n<p style=\"text-align: left;\">100% artisanal &amp; fabriqu\u00e9 en France<\/p>\n<p style=\"text-align: left;\">Parfum sans CMR, ni Phtalate &#8211; Origine Grasse<\/p>\n<p style=\"text-align: left;\">Cire de soja 100% naturelle &#8211; Origine: UE (Espagne)<\/p>\n<p style=\"text-align: left;\">Colorant naturel (d&rsquo;origine v\u00e9g\u00e9tale ou min\u00e9rale)<\/p>\n<p style=\"text-align: left;\">\n","protected":false},"excerpt":{"rendered":"<p style=\"text-align: center;\">Fondant de bougie senteur Balade en for\u00eat<\/p>\n<p style=\"text-align: center;\">\u00c9vadez-vous avec \u00ab\u00a0Balade en For\u00eat\u00a0\u00bb, o\u00f9 les notes vertes et bois\u00e9es se m\u00ealent dans une harmonie parfaite. L&rsquo;ouverture fra\u00eeche de menthe et de thym vous conduit \u00e0 un c\u0153ur naturel d&rsquo;accords verts et aquatiques, soutenu par une base terreuse de patchouli et de c\u00e8dre, comme une promenade revigorante \u00e0 travers la for\u00eat.<\/p>\n","protected":false},"featured_media":1418,"comment_status":"open","ping_status":"closed","template":"","meta":{"om_disable_all_campaigns":false,"_monsterinsights_skip_tracking":false,"_monsterinsights_sitenote_active":false,"_monsterinsights_sitenote_note":"","_monsterinsights_sitenote_category":0},"product_cat":[38,39],"product_tag":[],"aioseo_notices":[],"jetpack_sharing_enabled":true,"_links":{"self":[{"href":"https:\/\/frenchyfondant.fr\/index.php?rest_route=\/wp\/v2\/product\/1231"}],"collection":[{"href":"https:\/\/frenchyfondant.fr\/index.php?rest_route=\/wp\/v2\/product"}],"about":[{"href":"https:\/\/frenchyfondant.fr\/index.php?rest_route=\/wp\/v2\/types\/product"}],"replies":[{"embeddable":true,"href":"https:\/\/frenchyfondant.fr\/index.php?rest_route=%2Fwp%2Fv2%2Fcomments&post=1231"}],"wp:featuredmedia":[{"embeddable":true,"href":"https:\/\/frenchyfondant.fr\/index.php?rest_route=\/wp\/v2\/media\/1418"}],"wp:attachment":[{"href":"https:\/\/frenchyfondant.fr\/index.php?rest_route=%2Fwp%2Fv2%2Fmedia&parent=1231"}],"wp:term":[{"taxonomy":"product_cat","embeddable":true,"href":"https:\/\/frenchyfondant.fr\/index.php?rest_route=%2Fwp%2Fv2%2Fproduct_cat&post=1231"},{"taxonomy":"product_tag","embeddable":true,"href":"https:\/\/frenchyfondant.fr\/index.php?rest_route=%2Fwp%2Fv2%2Fproduct_tag&post=1231"}],"curies":[{"name":"wp","href":"https:\/\/api.w.org\/{rel}","templated":true}]}}