{"id":1192,"date":"2024-04-25T16:30:02","date_gmt":"2024-04-25T14:30:02","guid":{"rendered":"https:\/\/frenchyfondant.fr\/?post_type=product&#038;p=1192"},"modified":"2025-02-01T01:01:01","modified_gmt":"2025-02-01T00:01:01","slug":"amande","status":"publish","type":"product","link":"https:\/\/frenchyfondant.fr\/?product=amande","title":{"rendered":"AMANDE"},"content":{"rendered":"<p style=\"text-align: center;\">Fondant de bougie senteur \u00ab\u00a0Amande\u00a0\u00bb<\/p>\n<p style=\"text-align: center;\">Voyagez dans un monde de d\u00e9lices gourmands avec \u00ab\u00a0Amande\u00a0\u00bb. Les notes initiales d&rsquo;aub\u00e9pine et de r\u00e9glisse s&rsquo;entrelacent pour r\u00e9v\u00e9ler un c\u0153ur o\u00f9 l&rsquo;amande douce rencontre la rose romantique, reposant sur un fond r\u00e9confortant de musc et de vanille, comme une douce \u00e9treinte dans une p\u00e2tisserie chaleureuse.<\/p>\n<p style=\"text-align: center;\">100% artisanal &amp; fabriqu\u00e9 en France<\/p>\n<p style=\"text-align: center;\">Parfum sans CMR, ni phtalates &#8211; Origine Grasse<\/p>\n<p style=\"text-align: center;\">Cire de soja 100% naturelle &#8211; Origine: UE (Espagne)<\/p>\n<p style=\"text-align: center;\">Colorant naturel (d&rsquo;origine v\u00e9g\u00e9tale ou min\u00e9rale)<\/p>\n<p style=\"text-align: center;\">20g<\/p>\n","protected":false},"excerpt":{"rendered":"<p style=\"text-align: center;\">Fondant de bougie senteur \u00ab\u00a0Amande\u00a0\u00bb<\/p>\n<p style=\"text-align: center;\">Voyagez dans un monde de d\u00e9lices gourmands avec \u00ab\u00a0Amande\u00a0\u00bb. Les notes initiales d&rsquo;aub\u00e9pine et de r\u00e9glisse s&rsquo;entrelacent pour r\u00e9v\u00e9ler un c\u0153ur o\u00f9 l&rsquo;amande douce rencontre la rose romantique, reposant sur un fond r\u00e9confortant de musc et de vanille, comme une douce \u00e9treinte dans une p\u00e2tisserie chaleureuse.<\/p>\n<p>&nbsp;<\/p>\n","protected":false},"featured_media":1338,"comment_status":"open","ping_status":"closed","template":"","meta":{"om_disable_all_campaigns":false,"_monsterinsights_skip_tracking":false,"_monsterinsights_sitenote_active":false,"_monsterinsights_sitenote_note":"","_monsterinsights_sitenote_category":0},"product_cat":[38,37],"product_tag":[],"aioseo_notices":[],"jetpack_sharing_enabled":true,"_links":{"self":[{"href":"https:\/\/frenchyfondant.fr\/index.php?rest_route=\/wp\/v2\/product\/1192"}],"collection":[{"href":"https:\/\/frenchyfondant.fr\/index.php?rest_route=\/wp\/v2\/product"}],"about":[{"href":"https:\/\/frenchyfondant.fr\/index.php?rest_route=\/wp\/v2\/types\/product"}],"replies":[{"embeddable":true,"href":"https:\/\/frenchyfondant.fr\/index.php?rest_route=%2Fwp%2Fv2%2Fcomments&post=1192"}],"wp:featuredmedia":[{"embeddable":true,"href":"https:\/\/frenchyfondant.fr\/index.php?rest_route=\/wp\/v2\/media\/1338"}],"wp:attachment":[{"href":"https:\/\/frenchyfondant.fr\/index.php?rest_route=%2Fwp%2Fv2%2Fmedia&parent=1192"}],"wp:term":[{"taxonomy":"product_cat","embeddable":true,"href":"https:\/\/frenchyfondant.fr\/index.php?rest_route=%2Fwp%2Fv2%2Fproduct_cat&post=1192"},{"taxonomy":"product_tag","embeddable":true,"href":"https:\/\/frenchyfondant.fr\/index.php?rest_route=%2Fwp%2Fv2%2Fproduct_tag&post=1192"}],"curies":[{"name":"wp","href":"https:\/\/api.w.org\/{rel}","templated":true}]}}